{"id":228,"date":"2025-11-11T21:36:30","date_gmt":"2025-11-11T20:36:30","guid":{"rendered":"https:\/\/snoldelevjiujitsu.dk\/?page_id=228"},"modified":"2026-03-09T22:24:31","modified_gmt":"2026-03-09T21:24:31","slug":"start","status":"publish","type":"page","link":"https:\/\/snoldelevjiujitsu.dk\/","title":{"rendered":"VELKOMMEN"},"content":{"rendered":"\n<figure class=\"wp-block-video\"><video height=\"1116\" style=\"aspect-ratio: 1984 \/ 1116;\" width=\"1984\" autoplay controls loop muted preload=\"auto\" src=\"https:\/\/snoldelevjiujitsu.dk\/wp-content\/uploads\/2025\/11\/SJJ2025.mp4\" playsinline><\/video><\/figure>\n\n\n\n<div class=\"wp-block-media-text is-stacked-on-mobile\"><figure class=\"wp-block-media-text__media\"><img loading=\"lazy\" decoding=\"async\" width=\"1024\" height=\"1024\" src=\"https:\/\/snoldelevjiujitsu.dk\/wp-content\/uploads\/2025\/11\/Logo_SJJ-1-1024x1024.jpg\" alt=\"\" class=\"wp-image-232 size-full\" srcset=\"https:\/\/snoldelevjiujitsu.dk\/wp-content\/uploads\/2025\/11\/Logo_SJJ-1-1024x1024.jpg 1024w, https:\/\/snoldelevjiujitsu.dk\/wp-content\/uploads\/2025\/11\/Logo_SJJ-1-300x300.jpg 300w, https:\/\/snoldelevjiujitsu.dk\/wp-content\/uploads\/2025\/11\/Logo_SJJ-1-150x150.jpg 150w, https:\/\/snoldelevjiujitsu.dk\/wp-content\/uploads\/2025\/11\/Logo_SJJ-1-768x768.jpg 768w, https:\/\/snoldelevjiujitsu.dk\/wp-content\/uploads\/2025\/11\/Logo_SJJ-1.jpg 1280w\" sizes=\"auto, (max-width: 1024px) 100vw, 1024px\" \/><\/figure><div class=\"wp-block-media-text__content\">\n<p class=\"has-text-align-center\">Velkommen til Snoldelev Jiu-Jitsu<\/p>\n\n\n\n<p class=\"has-text-align-center\"><br>Kik forbi og pr\u00f8v selvforsvar, eller se hvad vi laver. Mandage 18:00-19:30 Mange hilsner Tr\u00e6ner teamet SJJ<\/p>\n\n\n\n<p><\/p>\n\n\n\n<p><mark style=\"background-color:rgba(0, 0, 0, 0)\" class=\"has-inline-color has-vivid-red-color\"><strong>PS: Klubben har lukket indtil 13\/04-2026, hvor tr\u00e6ningen starter igen. Lukningen skyldes valg, p\u00e5ske, mm. Se evt. vores tr\u00e6nerplan. <\/strong><\/mark><\/p>\n<\/div><\/div>\n","protected":false},"excerpt":{"rendered":"<p>Velkommen til Snoldelev Jiu-Jitsu Kik forbi og pr\u00f8v selvforsvar, eller se hvad vi laver. Mandage 18:00-19:30 Mange hilsner Tr\u00e6ner teamet SJJ PS: Klubben har lukket indtil 13\/04-2026, hvor tr\u00e6ningen starter igen. Lukningen skyldes valg, p\u00e5ske, mm. Se evt. vores tr\u00e6nerplan.<\/p>\n","protected":false},"author":1,"featured_media":0,"parent":0,"menu_order":0,"comment_status":"closed","ping_status":"closed","template":"","meta":{"inline_featured_image":false,"footnotes":""},"class_list":["post-228","page","type-page","status-publish","hentry"],"_links":{"self":[{"href":"https:\/\/snoldelevjiujitsu.dk\/index.php\/wp-json\/wp\/v2\/pages\/228","targetHints":{"allow":["GET"]}}],"collection":[{"href":"https:\/\/snoldelevjiujitsu.dk\/index.php\/wp-json\/wp\/v2\/pages"}],"about":[{"href":"https:\/\/snoldelevjiujitsu.dk\/index.php\/wp-json\/wp\/v2\/types\/page"}],"author":[{"embeddable":true,"href":"https:\/\/snoldelevjiujitsu.dk\/index.php\/wp-json\/wp\/v2\/users\/1"}],"replies":[{"embeddable":true,"href":"https:\/\/snoldelevjiujitsu.dk\/index.php\/wp-json\/wp\/v2\/comments?post=228"}],"version-history":[{"count":6,"href":"https:\/\/snoldelevjiujitsu.dk\/index.php\/wp-json\/wp\/v2\/pages\/228\/revisions"}],"predecessor-version":[{"id":246,"href":"https:\/\/snoldelevjiujitsu.dk\/index.php\/wp-json\/wp\/v2\/pages\/228\/revisions\/246"}],"wp:attachment":[{"href":"https:\/\/snoldelevjiujitsu.dk\/index.php\/wp-json\/wp\/v2\/media?parent=228"}],"curies":[{"name":"wp","href":"https:\/\/api.w.org\/{rel}","templated":true}]}}